0110 (base 2) in base 11?
-3a7156
Convert -7d8f4 (base 16) to base 3.
-222010110212
-121352551 (base 6) to base 5
-1043112340
12331202311 (base 4) to base 5
431344244
Convert -847390 (base 16) to base 13.
-1a4bcc2
-21656760 (base 9) to base 11
-5a14995
3456713 (base 10) to base 4
31023323021
Convert 112422336 (base 7) to base 5.
3231142112
-13b0b6 (base 16) to base 13
-362483
What is -1110260 (base 7) in base 9?
-227828
What is 18f446 (base 16) in base 10?
1635398
-137a91 (base 14) to base 5
-133034432
What is 1232123123 (base 4) in base 15?
8e045
10123506 (base 7) to base 11
528a34
101247 (base 11) to base 13
59076
Convert -144472 (base 12) to base 13.
-bb5cb
Convert -4000222210 (base 5) to base 15.
-a471da
-125090 (base 14) to base 5
-130103002
100100000102122 (base 3) to base 7
60106616
Convert 472716 (base 10) to base 2.
1110011011010001100
Convert -4846587 (base 9) to base 6.
-132204254
What is -25131345 (base 6) in base 2?
-11000100100100110001
What is 1121102303 (base 4) in base 5?
43200442
What is -122103110 (base 4) in base 6?
-2150432
2043242 (base 6) to base 12
49522
What is -210826 (base 10) in base 6?
-4304014
Convert -223133300221 (base 4) to base 12.
-399a661
What is 1003103211330 (base 4) in base 6?
1430100420
65026553 (base 7) to base 2
10101000111101110000110
-1335323 (base 8) to base 12
-161383
Convert 333607 (base 8) to base 9.
181311
Convert 27751 (base 9) to base 3.
221211201
-ccbb64 (base 14) to base 7
-113023354
1010011011100 (base 2) to base 9
7283
Convert -1011110010110101101111 (base 2) to base 13.
-8433a7
Convert -211023013 (base 6) to base 7.
-43233213
-1010100021000 (base 3) to base 8
-2216370
67f40 (base 16) to base 8
1477500
What is -51639a2 (base 12) in base 11?
-8707503
Convert 301130300 (base 4) to base 16.
31730
Convert -364186 (base 11) to base 2.
-10001100110000011010
What is 1100110001011010011 (base 2) in base 15?
84010
Convert -300730 (base 8) to base 4.
-120013120
What is -5051026 (base 9) in base 3?
-12001201000220
Convert 9ccb6 (base 13) to base 10.
285590
10121222230 (base 4) to base 9
2147527
What is -1142747 (base 10) in base 6?
-40254255
What is 133132012 (base 4) in base 5?
13111102
Convert -121503 (base 13) to base 6.
-13125300
Convert -306fb (base 16) to base 2.
-110000011011111011
What is 10011111101011100 (base 2) in base 9?
134130
What is b97d9 (base 14) in base 9?
753615
-302336054 (base 7) to base 11
-9a24214
-10111010111110010000101 (base 2) to base 9
-12467252
10323212003 (base 4) to base 3
2102200012212
Convert -101101101011011000010 (base 2) to base 10.
-1496770
-fb35f0 (base 16) to base 9
-33872414
-27642773 (base 8) to base 6
-341454351
Convert 2bc91a (base 13) to base 10.
1084665
Convert -183079 (base 12) to base 15.
-8469c
1058801 (base 9) to base 8
2132547
Convert -7060692 (base 10) to base 8.
-32736324
Convert -21430400 (base 5) to base 13.
-66a88
Convert 1aeaa8 (base 15) to base 6.
44105135
What is 3052751 (base 11) in base 5?
2340011303
-82b8e (base 15) to base 6
-12514155
-216603421 (base 7) to base 8
-62151241
Convert 11101001100000001100111 (base 2) to base 15.
a12156
Convert 1422024224 (base 5) to base 2.
1110001000100001101011
-2022122002 (base 3) to base 11
-31339
Convert 2323220211 (base 4) to base 13.
20ba82
276411 (base 11) to base 8
1515657
2565606 (base 7) to base 10
335754
Convert 124333030 (base 5) to base 3.
1011112212120
What is 10011100010110101 (base 2) in base 10?
80053
Convert 6122 (base 10) to base 2.
1011111101010
What is 2ab25 (base 14) in base 7?
622245
What is 1012001001010 (base 3) in base 8?
2317527
46031445 (base 7) to base 5
2011222331
Convert -3636142 (base 7) to base 11.
-296a57
Convert 155364 (base 8) to base 13.
1c689
Convert 212645512 (base 7) to base 14.
1988842
Convert 75640 (base 10) to base 15.
1762a
121022131 (base 4) to base 12
4b791
What is -166259 (base 11) in base 2?
-111110110010100101
13344264 (base 7) to base 6
42311343
-200220121011 (base 3) to base 5
-43402401
Convert -2121020111011 (base 3) to base 9.
-2536434
What is -101000100111011 (base 2) in base 13?
-9608
Convert 1212043 (base 9) to base 16.
a08bd
-420003 (base 10) to base 9
-710120
Convert 3100035 (base 6) to base 14.
3bbcb
11111011001111000 (base 2) to base 11
88709
Convert 551331 (base 7) to base 15.
1d91c
What is 14418012 (base 9) in base 10?
7157333
What is 11101010110000 (base 2) in base 13?
6ab9
What is 4334143 (base 5) in base 14?
1d110
-2022221112 (base 3) to base 5
-2432022
-397c43 (base 13) to base 16
-152f66
42629 (base 15) to base 3
101200221110
-26354 (base 11) to base 16
-933a
10111000110011001 (base 2) to base 13
340b3
What is -2c5293 (base 13) in base 5?
-240044021
What is 30743 (base 9) in base 4?
10331001
What is b61645 (base 14) in base 8?
27354615
-8409b0 (base 12) to base 2
-111111010100110010100
1312314032 (base 5) to base 2
1100011000001101011100
402200032 (base 5) to base 11
9a3131
1d55a (base 14) to base 13
28288
-128139 (base 11) to base 15
-3e8e9
Convert 33504 (base 6) to base 13.
21c1
254573 (base 9) to base 14
4032a
3687a9 (base 12) to base 3
1200000012010
100000001111110011001 (base 2) to base 3
1222200110202
5113341 (base 9) to base 6
134225014
What is -b3458 (base 16) in base 12?
-2b4b34
What is 11a6080 (base 11) in base 3?
10221000221212
1343544534 (base 6) to base 7
256402522
Convert 155115352 (base 6) to base 8.
14531764
What is -40103442 (base 6) in base 12?
-464b82
What is 1176617 (base 8) in base 6?
11002051
Convert -2627358 (base 9) to base 7.
-15126464
What is -19612 (base 10) in base 16?
-4c9c
What is -2a552 (base 11) in base 5?
-2341004
-1548e7 (base 16) to base 2
-101010100100011100111
What is -427373 (base 10) in base 13?
-11c6ab
1002002002100020 (base 3) to base 2
111010111100101010111110
What is -95cd9 (base 15) in base 9?
-804116
What is 41641763 (base 8) in base 6?
514000311
-211105545 (base 6) to base 2
-1110000110000100101001
What is 2533363 (base 7) in base 5?
40442012
-152365 (base 9) to base 14
-2618a
-80243 (base 10) to base 14
-21359
Convert 7637a8 (base 13) to base 15.
39d31e
100101110010011111 (base 2) to base 7
1213156
-144544 (base 10) to base 12
-6b794
-1362a57 (base 12) to base 2
-1110101110110101100011
What is -31001 (base 6) in base 12?
-2461
-801524 (base 9) to base 11
-2a3869
Convert 622112 (base 8) to base 7.
1515200
What is 10001101101100000101011 (base 2) in base 10?
4642859
What is 10000101011110001100101 (base 2) in base 16?
42bc65
What is 2520ac (base 15) in base 6?
102043043
Convert 1424101120 (base 5) to base 14.
6d419a
64363c (base 16) to base 11
3786280
Convert -1110000223 (base 5) to base 9.
-4501242
What is -4c36c (base 14) in base 8?
-555614
Convert -68b57b (base 14) to base 16.
-3667e9
What is -240205 (base 11) in base 12?
-164529
Convert 105fbe (base 16) to base 10.
1073086
What is -10002113111 (base 4) in base 13?
-2b08b9
What is -2122300120 (base 4) in base 16?
-9ac18
Convert b0c97 (base 13) to base 5.
40110243
-8335 (base 16) to base 8
-101465
155533410 (base 6) to base 11
1992579
Convert b73532 (base 13) to base 5.
2044313002
Convert 1ca050 (base 15) to base 10.
1400700
-1ccb0 (base 13) to base 16
-df08
Convert 14050111 (base 6) to base 13.
137440
-124000123 (base 5) to base 10
-609413
What is 10021111022001 (base 3) in base 10?
1741798
What is -175745 (base 11) in base 4?
-1002023301
Convert 132232 (base 7) to base 2.
110000011110001
What is -1064406 (base 9) in base 15?
-b5153
Convert 11143014031 (base 5) to base 6.
1123134551
What is -216b3 (base 14) in base 2?
-10011110000001101
-102121022201 (base 3) to base 6
-4521244
1a2ca (base 16) to base 15
21b75
What is 13013020 (base 5) in base 8?
366072
Convert 3399371 (base 13) to base 12.
539503b
-ec6825 (base 15) to base 10
-11260835
407148 (base 11) to base 6
22002210
-7020 (base 13) to base 6
-155153
1d585 (base 16) to base 13
4292c
106126205 (base 7) to base 8
30614401
Convert 23313212 (base 4) to base 5.
3023424
-1587dd (base 15) to base 4
-3332032003
5a9947 (base 12) to base 2
101100110100000000111
What is -304142400 (base 5) in base 13?
-345747
41588133 (base 9) to base 8
114267541
What is -2120441 (base 7) in base 9?
-431642
Convert 252805 (base 10) to base 8.
755605
-43976 (base 10) to base 11
-30049
What is 2576522 (base 8) in 